2 + 3*b - b - 3*b - 2*b. Let k(y) = -y**2 + 2*y - 1. Suppose p = -4*p + 15. Let j be k(p). Give v(j).
-4
Let n(q) = -q + 5. Let x(j) = -j + 15. Let b be x(9). Let a be b/(2/4 + 1). Suppose -3*h = -4*f + 20, -3*f - 5*h = -a*f + 5. What is n(f)?
0
Let v(i) = -i**2 + 6*i - 3. Let y(j) = 3*j**2 + 2. Let m be y(1). Calculate v(m).
2
Let r(s) = -3*s**2 - s - 1. Let o = 40 + -41. What is r(o)?
-3
Let w(n) = n - 1. Suppose 0 = 4*z - 11 - 5. Let r = 0 - z. Give w(r).
-5
Let f(m) = 8*m + 4. Let y be f(-5). Let z be y/(-16) + 4/(-16). Let x(o) = o**3 + o**2 - 2*o - 1. Calculate x(z).
7
Let h(t) = -t**3 + 2*t**2 + 3*t - 2. Let z(b) = b**3 - 6*b**2 - 6*b - 4. Let c be z(7). What is h(c)?
-2
Let b(c) be the first derivative of 2*c**3/3 + c**2 + 3*c + 6. What is b(-2)?
7
Let v(j) be the second derivative of 3/2*j**2 + j**3 + 3*j - 1/12*j**4 + 0. Give v(6).
3
Let l = 10 - 5. Suppose 0 = -x - 4*t - 8, -l*x - 5*t = 10. Let o(d) = d + 2. Determine o(x).
2
Let f(q) = -3*q**2 - q - 86 - 2*q**3 + 88 + q**2. Calculate f(2).
-24
Let l(h) = h**3 - 2*h**2 - 2*h. Let r be l(3). Suppose r + 0 = -y. Let j(c) = 2*c + 4. Determine j(y).
-2
Let i(o) be the first derivative of o**5/120 - 7*o**4/24 + 4*o**3/3 - 4. Let z(d) be the third derivative of i(d). Suppose -20 = -b - 3*b. Calculate z(b).
-2
Let r(v) = v - 8*v - v + 3 - 6. Let d(p) = p**2 - 4*p - 7. Let f be d(5). Give r(f).
13
Let b(p) = 3*p**2 - 5*p - 3. Suppose 3*r - 5*w = -3, 0*r - 3*w + 1 = -r. Let n(o) = o**2. Let j(y) = r*b(y) + 4*n(y). Determine j(-2).
-3
Let a(x) = -2 + 4 + 4 - 3*x. Let p be -1 + 0 + (-8 - -9). Suppose c - 2*c + 4 = p. Determine a(c).
-6
Let p(i) = i - 10. Let d be p(6). Let y = -8 - d. Let w be y/(-14) - (-46)/(-14). Let n(g) = g**3 + 3*g**2 + 2*g - 3. Calculate n(w).
-9
Let k(v) be the third derivative of -1/2*v**3 - 1/24*v**4 + 0 + 4*v**2 + 0*v. Give k(-2).
-1
Suppose -4*i + 52 - 56 = 0. Let k(v) = 12*v**3 - v**2 + 1. Determine k(i).
-12
Let g = -185 + 179. Let s(l) = -6*l + 0*l**3 - 7*l**2 + 0*l - 7 - l**3. What is s(g)?
-7
Let k(r) = 6*r**2 + 2*r. Let l be k(-1). Let w(y) = y**3 - 4*y**2 - 2*y - 1. Give w(l).
-9
Let d(k) = -k**2 + 11*k - 17. Let g be d(7). Let a(u) = -u**2 + 10*u + 11. Let n be a(g). Let v(i) = 2 + 1 + i**2 + i - 2*i. Calculate v(n).
3
Let o(c) = c**2 + c - 4. Suppose 13 - 1 = 4*h. Calculate o(h).
8
Let q(r) = -4*r**2 + r - 1. Let v(m) = m**2 + 4*m - 4. Let h(s) = 5*s**2 + 19*s - 19. Let f(u) = -2*h(u) + 11*v(u). Let p be f(-7). Give q(p).
-4
Let p(n) = -n + 6. Let c(a) = a**3 + 4*a**2 + 5. Let m(w) = w**3 - w - 4. Let g be m(0). Let q be c(g). What is p(q)?
1
Let m(n) = n**3 - 4*n**2 - 5*n + 2. Let f = -24 + 29. Calculate m(f).
2
Suppose -66 + 18 = -16*o. Let q(a) be the first derivative of -1/3*a**o - 3*a**2 - 2 - a. Calculate q(-5).
4
Let n be 2/2 + -3 + 6. Suppose 5*z = -i - i + 33, 2*z - 18 = n*i. Let q(j) = -13 + 4*j + 2*j + 5 - z*j. Give q(-4).
-4
Let a = 3 + -1. Let n(g) = 4*g - a*g - 4 - g. What is n(-3)?
-7
Let c(i) = 1 - 2*i + 5*i - 5*i. Let s be (-1)/3 + (-8)/12. What is c(s)?
3
Suppose -3*u + 6 = 4*i - 19, 4*u = 5*i - 8. Suppose 17 + 1 = i*z - 5*k, 4*z - 6 = -k. Let v(b) = z*b**2 - b - 5 + 0*b**2 - 3*b**2. Give v(0).
-5
Let v(g) = -7*g**3 - g**2 + 1. Let r be (-9)/(-3 + 6) + 4. Let l be r + 2 + -6 + 2. Determine v(l).
7
Let o(h) = -2*h**2 - 4*h + 1. Let m(a) = -3*a**2 - 6*a + 2. Let x(q) = -5*m(q) + 8*o(q). Give x(-3).
-5
Let d(g) = -g**3 - 3*g**2 + g - 3. Let q(v) = -2*v + 7. Let w be q(5). Let f be d(w). Let j be 0/(3*(-2)/f). Let l(x) = -x - 2. Give l(j).
-2
Let t(w) = w**2 - 3*w - 8. Let n(x) = -x**2 + 3*x + 9. Suppose -4*r - 2*c = -6*c, 0 = 3*r - 5*c - 8. Let d(y) = r*t(y) - 3*n(y). Determine d(5).
-5
Let b(r) = 1. Let v(n) = -3*n - 8. Let w(z) = -6*b(z) - v(z). Let y(d) = d**3 + 3*d**2 + d. Let c be y(-2). Calculate w(c).
8
Let h(l) = -l**2 + 64 - 64 + 2*l + l**3. Determine h(2).
8
Suppose -3*r - 5 = 1. Let a(k) = -2*k - 3. Calculate a(r).
1
Let w(m) be the second derivative of 2*m**3/3 + 2*m. Calculate w(-2).
-8
Let g(f) be the third derivative of -f**4/24 - f**3/6 - 15*f**2. Give g(3).
-4
Let n(b) = -b**2 - b + 1. Let y(v) = v**3 + 3*v**2 - 6*v - 3. Let l be y(-4). Suppose -l*x + 5*h + 5 = -x, -4*x = h + 1. Suppose -f - 6 + 3 = x. Calculate n(f).
-5
Let s(o) = 6*o**3 - 2*o**2 + 1. Suppose -3 = 3*y - 0. Give s(y).
-7
Let g(v) = 5*v**2 - 6*v - 3. Let p(l) = 6*l**2 - 6*l - 3. Let d(u) = 5*g(u) - 4*p(u). Calculate d(6).
-3
Suppose -r - 5 = 0, -u - u - r = -9. Let h(t) = u - 1 - t + 3. Let a be h(8). Let k(z) = -3*z. What is k(a)?
-3
Let m(f) = 1 + 3 - 1 + 2*f. Suppose -2*n - 4*n - 12 = 0. Give m(n).
-1
Let m(p) = -8*p - 4. Let r(w) = -4*w - 2. Let u(i) = -3*m(i) + 5*r(i). What is u(-2)?
-6
Let q(f) = -f - 4*f + 0 + 4*f - 1. Calculate q(-4).
3
Let y = -7 + 11. Let h(q) be the second derivative of q**5/60 - q**4/6 + q**3/6 + q. Let o(j) be the second derivative of h(j). Calculate o(y).
4
Let a(j) be the first derivative of 0*j**2 + 0*j + 3 + 1/90*j**6 + 0*j**5 - 1/24*j**4 + 4/3*j**3. Let p(l) be the third derivative of a(l). What is p(1)?
3
Let b be (4 - 2)/(-4)*(-15 + 3). Let f(w) = 3*w - 9. Determine f(b).
9
Let p(s) be the third derivative of s**6/720 + s**5/20 - s**4/8 - 3*s**2. Let k(v) be the second derivative of p(v). Determine k(0).
6
Let u(f) = 5*f**3 + 7*f**2 + 3*f + 6. Let m(b) = b**2 - 3*b - 4. Let p be m(3). Let x(a) = -a**3 - a**2 - a - 1. Let q(j) = p*x(j) - u(j). Give q(-2).
-8
Let s(x) = -x + 1. Let h(b) = 4*b**2 - 2*b + 4. Let a be h(0). Determine s(a).
-3
Let y = -86 + 77. Let s(c) = c**2 + 9*c + 6. Determine s(y).
6
Let w(h) = h**2 - 5*h - 2. Let l be w(4). Let k(n) = -n**2 - 4*n + 8. Determine k(l).
-4
Let y = 9 - 16. Let q(o) = -o - 4. What is q(y)?
3
Suppose -2*g - 8 = -5*h, -2 = h - 2*h. Let y(j) = -7*j**2 - j. Calculate y(g).
-8
Let z(f) be the first derivative of -1/2*f**2 - 3*f + 1. Determine z(4).
-7
Let j(q) = 2*q**2 - q. Let o be 2/3 - (-42)/18. Suppose p + 9 = o*r - 1, -20 = -5*r. Suppose -p = n - 4*k - 16, 2*n + 4*k = -8. Determine j(n).
6
Let g(u) be the third derivative of u**4/12 + u**3/6 + 38*u**2. Calculate g(1).
3
Let r(v) = -v**3 - v**2 - v + 7. Let n be 0/((-4)/(-6 + 2)). What is r(n)?
7
Suppose 17*q - 6 = 23*q. Let o(b) = 11*b**3 - b**2 + b + 1. Determine o(q).
-12
Suppose -r - r - 4 = -2*s, -5*s = -r + 6. Let x be 1*(-2)/r*0. Let p(t) = t**2 + 2. Calculate p(x).
2
Suppose -4*w + 2*g + 20 = 0, 7*g - 3*g - 8 = -4*w. Let d(k) = 2*k - 4*k + 2 + w. Suppose 0*j + 3*o - 12 = -3*j, 3*o = 0. Give d(j).
-2
Suppose 15 = -5*a + 5, 5*a + 26 = -4*f. Let w be -4 + (f - -2) + 4. Let n(j) = 18 - 2*j - 5 - 14. What is n(w)?
3
Suppose h + 5 = 3. Let o(n) = 9*n**2 + 7*n - 4. Let p(q) = -5*q**2 - 4*q + 2. Let d(j) = -6*o(j) - 11*p(j). Determine d(h).
2
Let z(o) = 2*o + 10 + 9 - 16. Give z(-6).
-9
Let c(u) be the third derivative of -u**6/120 - 7*u**5/60 - u**4/24 + 2*u**3/3 + 28*u**2. Determine c(-7).
11
Let g(x) = 3 + 0*x**2 - 4 + x**3 - 5*x**2. Give g(5).
-1
Let q(m) = m - 1. Suppose 0*b + 1 = b. Suppose -7*n + 2*n + 5 = -3*s, n - 2*s = b. Let c be (5/(-1))/(0 - n). Calculate q(c).
4
Let w be (-18)/4 + (-5)/10. Let u(y) = 4*y**2. Let t be u(-1). Let g(n) = -t*n + 4 - 1 + 5*n. Give g(w).
-2
Suppose -u + 14 = -4*h, -3*u = -h - 3*h - 18. Suppose 5*r - 9 = 2*r. Suppose -u = x + r. Let i(p) = -p**2 - 4*p + 5. What is i(x)?
0
Let c(x) = -8*x. Suppose 0 = -3*p - 15 + 21. What is c(p)?
-16
Let r(w) = w**2 + w + 1. Let d(h) = -2*h**2 - 7*h - 5. Let t(i) = d(i) + 4*r(i). Determine t(3).
8
Let j(s) = -s**2 - 1. Let k(d) = 3*d - 4. Let q(y) = -j(y) + k(y). Let l be (24/(-15))/(4/10). Give q(l).
1
Let h(m) = -m**2 - 8*m - 2. Suppose -9*v - 23 = 49. Determine h(v).
-2
Let s(h) = -4*h - 11. Let z(w) = -w - 1. Let p(q) = -s(q) + 5*z(q). What is p(9)?
-3
Let p(a) be the third derivative of -a**5/60 - a**4/24 + 39*a**2. Let g(q) = q**3 + q**2 - 2*q - 1. Let y be g(-2). Determine p(y).
0
Let q(y) = -14*y - 11 - 16*y**2 - 12*y**2 + 27*y**2. Calculate q(-13).
2
Suppose 25 = 4*f - 11. Let z = -5 + f. Let a(s) = -2*s**2 + z - s**3 + 0*s - 5*s - 3*s**2. Calculate a(-4).
8
Let p(t) = -t**2 - 5*t - 3. Let a be p(-4). Suppose c = 3*c - 6. Let l(g) = -g + 2*g + 5*g + c*g. Give l(a).
9
Let o(f) be the third derivative of f**5/120 - f**4/8 + f**3/2 + 3*f**2. Le